ctors of 265760134?
2, 8681, 15307
List the prime factors of 106429929.
3, 35476643
List the prime factors of 2946873374.
2, 859, 1715293
What are the prime factors of 167090776?
2, 43, 485729
What are the prime factors of 61685021?
5639, 10939
List the prime factors of 1724623103.
7, 19, 193, 67187
What are the prime factors of 26294150?
2, 5, 47, 67, 167
List the prime factors of 42223668.
2, 3, 67, 52517
List the prime factors of 40759925.
5, 211, 7727
List the prime factors of 310849752.
2, 3, 43, 301211
What are the prime factors of 643917533?
7, 91988219
What are the prime factors of 2643330059?
2643330059
List the prime factors of 172170329.
1453, 118493
List the prime factors of 38994138.
2, 3, 389, 5569
What are the prime factors of 76350976?
2, 13, 11471
List the prime factors of 47283110.
2, 5, 7, 109, 6197
What are the prime factors of 1675018589?
1675018589
List the prime factors of 1750959113.
479, 3655447
List the prime factors of 39183999.
3, 37, 223, 1583
What are the prime factors of 58621171?
7, 8374453
What are the prime factors of 4630073623?
7, 661439089
List the prime factors of 133475415.
3, 5, 17, 523433
List the prime factors of 76460670.
2, 3, 5, 11, 13, 457
What are the prime factors of 85600149?
3, 19, 181, 8297
What are the prime factors of 177835301?
7, 25405043
List the prime factors of 207523847.
47, 4415401
What are the prime factors of 56533053?
3, 1823, 10337
List the prime factors of 1177971495.
3, 5, 7369, 10657
List the prime factors of 28818761.
28818761
What are the prime factors of 2876829125?
5, 23014633
List the prime factors of 1050254.
2, 525127
What are the prime factors of 1153611360?
2, 3, 5, 11, 67, 1087
List the prime factors of 328750395.
3, 5, 131, 293, 571
What are the prime factors of 45237543?
3, 13, 89, 13033
List the prime factors of 3789569946.
2, 3, 631594991
What are the prime factors of 1004147968?
2, 29, 135257
List the prime factors of 58166859.
3, 19388953
List the prime factors of 30421895.
5, 7, 124171
List the prime factors of 945947101.
11, 85995191
What are the prime factors of 1284393784?
2, 23, 6980401
List the prime factors of 58698851.
58698851
What are the prime factors of 20138155?
5, 4027631
List the prime factors of 1147805184.
2, 3, 17, 113, 389
List the prime factors of 254972372.
2, 197, 491, 659
List the prime factors of 42870193.
1087, 39439
What are the prime factors of 7431882?
2, 3, 1238647
What are the prime factors of 45903482?
2, 83, 276527
What are the prime factors of 446035262?
2, 349, 1831
List the prime factors of 41486029.
13, 31, 113, 911
What are the prime factors of 3678008?
2, 167, 2753
What are the prime factors of 4791307697?
11, 71, 6134837
List the prime factors of 297227444.
2, 227, 327343
What are the prime factors of 1804691995?
5, 227, 1590037
List the prime factors of 302804836.
2, 613, 123493
What are the prime factors of 925587023?
925587023
List the prime factors of 80591747.
17, 23, 53, 3889
What are the prime factors of 2344694918?
2, 1172347459
What are the prime factors of 280423414?
2, 140211707
List the prime factors of 629904079.
7, 73, 1232689
List the prime factors of 140220245.
5, 11, 53, 4373
What are the prime factors of 72331348?
2, 97, 277, 673
List the prime factors of 2442357.
3, 43, 6311
What are the prime factors of 109450150?
2, 5, 31, 241, 293
What are the prime factors of 1399510934?
2, 31, 421, 53617
List the prime factors of 330071665.
5, 7, 11, 59, 1321
What are the prime factors of 434251215?
3, 5, 9650027
What are the prime factors of 450104437?
41, 1553, 7069
List the prime factors of 3577458452.
2, 894364613
What are the prime factors of 624281650?
2, 5, 17, 857
List the prime factors of 10472469.
3, 7, 498689
What are the prime factors of 927037275?
3, 5, 12360497
List the prime factors of 302622744.
2, 3, 31, 13121
What are the prime factors of 26095794?
2, 3, 4349299
What are the prime factors of 162700264?
2, 20337533
What are the prime factors of 5516755521?
3, 29, 313, 202591
What are the prime factors of 233753574?
2, 3, 79, 167, 2953
What are the prime factors of 5319501083?
13, 409192391
What are the prime factors of 515098799?
1373, 375163
List the prime factors of 2680761.
3, 37, 24151
What are the prime factors of 51400284?
2, 3, 13, 329489
What are the prime factors of 4345731540?
2, 3, 5, 79, 101869
What are the prime factors of 3230645510?
2, 5, 323064551
List the prime factors of 923571711.
3, 3463, 29633
List the prime factors of 1691912148.
2, 3, 17, 8293687
What are the prime factors of 1204001816?
2, 29, 1459, 3557
List the prime factors of 152919296.
2, 19, 149, 211
What are the prime factors of 10665360?
2, 3, 5, 14813
List the prime factors of 6940893.
3, 2313631
What are the prime factors of 714228?
2, 3, 53, 1123
What are the prime factors of 149565797?
47, 191, 16661
List the prime factors of 291483529.
137, 2127617
What are the prime factors of 407080361?
407080361
What are the prime factors of 794901884?
2, 7, 28389353
List the prime factors of 450921971.
89, 5066539
List the prime factors of 749613291.
3, 7, 41, 53, 16427
List the prime factors of 29711397.
3, 59, 167861
List the prime factors of 4218152084.
2, 443, 2380447
What are the prime factors of 30765610?
2, 5, 83, 101, 367
List the prime factors of 332393269.
13, 25568713
List the prime factors of 52058814.
2, 3, 173, 50153
What are the prime factors of 896948088?
2, 3, 37372837
List the prime factors of 433765449.
3, 13, 61, 2251
List the prime factors of 78407542.
2, 2711, 14461
List the prime factors of 20230905.
3, 5, 1348727
List the prime factors of 3614742283.
17, 6199, 34301
What are the prime factors of 74778930?
2, 3, 5, 419, 661
What are the prime factors of 103241958?
2, 3, 89, 193337
List the prime factors of 804680700.
2, 3, 5, 2682269
List the prime factors of 725787188.
2, 7, 17, 1524763
List the prime factors of 85945406.
2, 42972703
What are the prime factors of 2036918152?
2, 5897, 43177
What are the prime factors of 1235559859?
1235559859
What are the prime factors of 1603940257?
1603940257
What are the prime factors of 548116436?
2, 7, 19575587
What are the prime factors of 51852762?
2, 3, 13, 37, 53, 113
What are the prime factors of 61283826?
2, 3, 3404657
List the prime factors of 4656566727.
3, 7151, 72353
What are the prime factors of 187987869?
3, 20887541
List the prime factors of 80905407.
3, 11, 193, 12703
List the prime factors of 392994225.
3, 5, 13, 29, 41, 113
What are the prime factors of 787613565?
3, 5, 773, 67927
What are the prime factors of 1075515946?
2, 47, 11441659
List the prime factors of 15165568.
2, 11, 10771
What are the prime factors of 3544084031?
3544084031
What are the prime factors of 1012068328?
2, 126508541
List the prime factors of 1201532970.
2, 3, 5, 11, 17, 214177
List the prime factors of 88874293.
241, 368773
What are the prime factors of 19115422?
2, 9557711
List the prime factors of 3148032622.
2, 7, 224859473
What are the prime factors of 68988575?
5, 349, 7907
List the prime factors of 1525272563.
6217, 245339
What are the prime factors of 90745621?
911, 99611
List the prime factors of 113254891.
37, 167, 18329
List the prime factors of 41931560.
2, 5, 11, 157, 607
List the prime factors of 103919615.
5, 29, 716687
What are the prime factors of 5322108539?
11, 17387, 27827
List the prime factors of 14506630.
2, 5, 53, 101, 271
What are the prime factors of 10793769?
3, 7, 101, 727
What are the prime factors of 48949978?
2, 7, 11, 317857
What are the prime factors of 105685663?
105685663
List the prime factors of 1707769199.
31, 55089329
What are the prime factors of 143395589?
143395589
List the prime factors of 601970112.
2, 3, 461, 2267
List the prime factors of 1269645674.
2, 11, 4933, 11699
List the prime factors of 152583390.
2, 3, 5, 911, 1861
What are the prime factors of 1716693624?
2, 3, 19, 66047
List the prime factors of 7102386095.
5, 7, 223, 379
What are the prime factors of 863914327?
1109, 779003
What are the prime factors of 42843555?
3, 5, 47, 431
What are the prime factors of 49208154?
2, 3, 47, 211, 827
List the prime factors of 38270535.
3, 5, 2551369
List the prime factors of 1788859332.
2, 3, 13, 3822349
List the prime factors of